ors of 636240584?
2, 7, 1979, 5741
What are the prime factors of 171437690?
2, 5, 17, 137, 433
List the prime factors of 65398703.
19, 167, 20611
List the prime factors of 2503514320.
2, 5, 29, 1079101
List the prime factors of 5124055087.
5124055087
What are the prime factors of 84010959?
3, 509, 6113
What are the prime factors of 98542627?
43, 73, 31393
List the prime factors of 24578157.
3, 1087, 7537
List the prime factors of 1487234022.
2, 3, 247872337
What are the prime factors of 79683858?
2, 3, 137, 10771
List the prime factors of 1391479554.
2, 3, 19, 642419
List the prime factors of 41628292.
2, 373, 27901
List the prime factors of 3646544294.
2, 1823272147
List the prime factors of 225245073.
3, 75081691
List the prime factors of 153525767.
1217, 126151
List the prime factors of 55075600.
2, 5, 157, 877
What are the prime factors of 1017173145?
3, 5, 67811543
What are the prime factors of 1115174291?
7, 11, 295567
What are the prime factors of 1724790242?
2, 7, 123199303
What are the prime factors of 2852349502?
2, 19, 389, 192961
List the prime factors of 85195914.
2, 3, 14199319
What are the prime factors of 31265967?
3, 89, 117101
What are the prime factors of 3043112888?
2, 23, 16538657
What are the prime factors of 3142821192?
2, 3, 7, 47, 8123
List the prime factors of 1419970249.
1419970249
What are the prime factors of 196691368?
2, 59, 416719
What are the prime factors of 169383026?
2, 29, 2920397
What are the prime factors of 1114932810?
2, 3, 5, 43, 864289
List the prime factors of 1031706260.
2, 5, 13, 173, 22937
List the prime factors of 484673595.
3, 5, 7, 23, 97, 2069
List the prime factors of 218472652.
2, 54618163
What are the prime factors of 8191144?
2, 13, 17, 41, 113
List the prime factors of 168743689.
653, 258413
List the prime factors of 21369330.
2, 3, 5, 283, 839
What are the prime factors of 61288007?
11, 5571637
What are the prime factors of 2553735765?
3, 5, 7, 24321293
What are the prime factors of 3321566282?
2, 19, 3259, 26821
List the prime factors of 1343642.
2, 19, 1861
What are the prime factors of 2038303323?
3, 7, 37, 124919
What are the prime factors of 44811446?
2, 22405723
List the prime factors of 65582000.
2, 5, 11, 271
What are the prime factors of 4573996657?
4573996657
What are the prime factors of 418703031?
3, 46522559
What are the prime factors of 28252081?
11, 13, 197567
List the prime factors of 38064347.
38064347
List the prime factors of 85364701.
17, 19, 127, 2081
List the prime factors of 935640342.
2, 3, 7, 13, 190403
What are the prime factors of 30361472?
2, 23, 10313
List the prime factors of 1274649967.
10891, 117037
What are the prime factors of 207616227?
3, 7, 13, 760499
List the prime factors of 309781390.
2, 5, 37, 521, 1607
What are the prime factors of 141701512?
2, 43, 411923
What are the prime factors of 304180266?
2, 3, 13, 3899747
List the prime factors of 829008002.
2, 73, 109, 113, 461
List the prime factors of 1509257131.
349, 4324519
What are the prime factors of 81385835?
5, 19, 856693
What are the prime factors of 2946933135?
3, 5, 47, 613, 2273
List the prime factors of 6662688801.
3, 239, 9292453
What are the prime factors of 162187376?
2, 13, 779747
What are the prime factors of 18999752?
2, 233, 10193
What are the prime factors of 453586793?
11, 661, 62383
What are the prime factors of 1428163592?
2, 37, 97, 49741
List the prime factors of 86248078.
2, 7, 491, 12547
List the prime factors of 979146864.
2, 3, 47, 199, 727
What are the prime factors of 2086618466?
2, 23, 257, 176503
What are the prime factors of 712747522?
2, 3539, 100699
What are the prime factors of 28580809?
2693, 10613
What are the prime factors of 62859821?
47, 1337443
What are the prime factors of 2475768634?
2, 27817, 44501
List the prime factors of 46788064.
2, 1462127
List the prime factors of 146778198.
2, 3, 7, 3494719
List the prime factors of 97048857.
3, 32349619
List the prime factors of 65996318.
2, 233, 141623
List the prime factors of 375515293.
197, 257, 7417
What are the prime factors of 774845502?
2, 3, 129140917
What are the prime factors of 19439505?
3, 5, 419, 1031
List the prime factors of 562539714.
2, 3, 11, 8523329
What are the prime factors of 3005898841?
11, 223, 1225397
List the prime factors of 340909871.
139, 2452589
What are the prime factors of 539424090?
2, 3, 5, 1997867
List the prime factors of 10810954.
2, 7, 11, 70201
What are the prime factors of 117074470?
2, 5, 11707447
What are the prime factors of 2658421647?
3, 7, 31, 53, 1223
What are the prime factors of 225180200?
2, 5, 7, 41, 3923
List the prime factors of 748031713.
11, 13, 29, 180379
What are the prime factors of 954084282?
2, 3, 29, 5483243
List the prime factors of 2334138457.
7, 29, 139, 82721
What are the prime factors of 633160398?
2, 3, 13, 1493, 5437
What are the prime factors of 30462252?
2, 3, 2538521
List the prime factors of 1427071533.
3, 2477, 192043
What are the prime factors of 1995753336?
2, 3, 83156389
List the prime factors of 393346133.
2333, 168601
What are the prime factors of 501093982?
2, 31, 8082161
What are the prime factors of 43024609?
43024609
What are the prime factors of 1788509250?
2, 3, 5, 11, 127, 569
What are the prime factors of 726536585?
5, 145307317
What are the prime factors of 636160757?
17, 4877, 7673
List the prime factors of 763327018.
2, 381663509
List the prime factors of 455574599.
37, 1009, 12203
What are the prime factors of 158918889?
3, 359, 147557
List the prime factors of 70210005.
3, 5, 4680667
List the prime factors of 59073134.
2, 157, 419, 449
List the prime factors of 185989424.
2, 2039, 5701
List the prime factors of 3427784789.
11, 13, 67, 71, 5039
What are the prime factors of 63975687?
3, 67, 318287
List the prime factors of 52840937.
43, 241, 5099
What are the prime factors of 390866183?
521, 750223
What are the prime factors of 3585028630?
2, 5, 23, 67, 232643
List the prime factors of 4868712887.
23, 211683169
List the prime factors of 87697990.
2, 5, 8769799
What are the prime factors of 3112522881?
3, 13, 3571, 22349
List the prime factors of 5169379394.
2, 31, 83377087
List the prime factors of 593475411.
3, 1163, 170099
List the prime factors of 95380240.
2, 5, 1192253
List the prime factors of 576722010.
2, 3, 5, 19, 23, 43991
List the prime factors of 90667345.
5, 647, 28027
What are the prime factors of 2398057051?
13, 19, 139, 69847
List the prime factors of 857310226.
2, 61, 7027133
List the prime factors of 2088369094.
2, 7, 239, 624139
List the prime factors of 955617297.
3, 89, 241, 14851
What are the prime factors of 197397493?
41, 53, 90841
What are the prime factors of 295172974?
2, 147586487
What are the prime factors of 3736249098?
2, 3, 53, 11749211
What are the prime factors of 479839694?
2, 239919847
What are the prime factors of 98777896?
2, 7, 89, 19819
List the prime factors of 1105847410.
2, 5, 110584741
List the prime factors of 12383148.
2, 3, 41, 25169
List the prime factors of 73150559.
6047, 12097
List the prime factors of 119580644.
2, 29895161
What are the prime factors of 2523749?
2523749
What are the prime factors of 976680749?
11, 37, 59, 89, 457
List the prime factors of 116396796.
2, 3, 9699733
List the prime factors of 707111521.
4813, 146917
List the prime factors of 732398420.
2, 5, 13, 17, 165701
What are the prime factors of 1287861754?
2, 29, 22204513
List the prime factors of 268489287.
3, 11, 1321, 2053
List the prime factors of 977502401.
977502401
What are the prime factors of 211495648?
2, 7, 13, 59, 1231
List the prime factors of 56743598.
2, 107, 265157
List the prime factors of 911014196.
2, 271, 359, 2341
What are the prime factors of 1634860278?
2, 3, 90825571
What are the prime factors of 970227225?
3, 5, 11, 392011
What are the prime factors of 43245325?
5, 1729813
What are the prime factors of 2301682463?
53, 547, 79393
List the prime factors of 245782685.
5, 17, 29, 99709
What are the prime factors of 2035532590?
2, 5, 7, 13, 163, 13723
List the prime factors of 162808017.
3, 19, 1063, 2687
List the prime factors of 603941312.
2, 13, 725891
What are the prime factors of 612513158?
2, 306256579
What are the prime factors of 173152197?
3, 59, 326087
List the prime fa